t v(f) be the second derivative of 1/24*f**4 - 1/20*f**5 + 0 + 1/6*f**3 + f + 0*f**2. Let s(g) be the second derivative of v(g). Give s(1).
-5
Let l(q) = 7*q**2 - 2*q + 1. Suppose -2*g - 3 = -5*g. Determine l(g).
6
Let m(d) = 8*d**3 + d**2 - d - 1. Suppose -3*c + 15 = -0*c. Suppose t - 4 = c*t. Calculate m(t).
-7
Suppose 5*w + 5 = -2*d + 4, 2*d = 2*w + 6. Let x(i) = 8*i + 1. What is x(w)?
-7
Let z be (-2)/5 - (-47)/5. Suppose -b - z = -3*s + 3, 0 = 2*s + 2*b. Suppose -s*v + q + 9 = 0, 18 = 5*v - 4*q - 4. Let j(f) = f**2 + 4*f - 3. Determine j(v).
9
Let p(v) = -2*v + 13. Let h = -179 - -188. Determine p(h).
-5
Let a(k) = k**3 + 4*k**2 - 5*k - 6. Let x be (-48)/(-18) - (-1)/3. Suppose -x*f = 25 - 10. Calculate a(f).
-6
Let j = 3 + 1. Suppose q - 5 - 14 = 4*p, 0 = -q + p + j. Let v(z) be the third derivative of z**5/12 + z**3/6 + z**2. What is v(q)?
6
Let v(i) = -i**2 + 7*i - 8 - 2*i + 6*i - 3*i. Give v(6).
4
Suppose 5*z = 8 + 2. Let t(j) = 10*j**2 + j - 3. Let s(c) = 3*c**2 - 1. Let d(i) = 7*s(i) - 2*t(i). What is d(z)?
-1
Let i(f) be the first derivative of f**3/3 - 9*f**2/2 - 8*f - 52. Calculate i(10).
2
Let l(q) = -q**3 - 7*q**2 + 7*q. Let a be 10/60 + (-98)/12. Determine l(a).
8
Let z(l) = 2*l**3 + l**2 - l - 2. Let c(k) = -k**2 - 7*k - 2. Let g(y) = y**3 - 9*y**2 - 7. Let h be g(9). Let m be c(h). Give z(m).
-12
Suppose 3*r + 3 = 2*r. Let b(c) = -c**3 - 5*c**2 - 3*c. What is b(r)?
-9
Let l(v) = -v**2 + 3*v + 4. Let w = -3 - -1. Let n = -8 + 14. Let b = w + n. Calculate l(b).
0
Let g(v) = v**2 + v - 1. Suppose -2*y + 4*y = 0. Suppose y = -2*a - 5 + 1. Calculate g(a).
1
Let f(w) be the second derivative of w**5/20 + 5*w**4/12 - 3*w**2 - 8*w. Give f(-5).
-6
Let a(o) = -10*o**3 + o**2 + 2*o + 1. Let f(x) = -x**2 - x + 4. Let g be f(-3). Let z be ((-6)/(-9))/(g/3). Calculate a(z).
10
Let h be 188/20 - (-3)/5. Let b be -3*((-16)/(-3) + 0). Let l = b + h. Let n(a) = a**3 + 6*a**2 + a. Determine n(l).
-6
Let a(r) = 0*r + 3 - 4 - 4 + r. Calculate a(-8).
-13
Let b(k) be the second derivative of -4*k**3/3 - k**2 - k. Let j be b(-3). Suppose 3 = -5*y - j. Let u(g) = -g**3 - 6*g**2 - 5*g - 4. What is u(y)?
-4
Let d be ((1 - 3) + 1)*0. Suppose d = 2*w - w + v, 4*w = -2*v - 2. Let a(h) = 4*h**2 + 2*h + 1. What is a(w)?
3
Let p(w) = w**2 + 4*w - 3. Let l be p(-5). Suppose 4*r = -u - 10, l = -4*u + 8*u + 2*r. Let b(m) = -4 - 4*m + 3 + 0*m**u - m**2. Give b(-5).
-6
Let m(g) = -g**3 + 5*g**2 + 6*g - 2. Let j = 27 + -21. Determine m(j).
-2
Let t(n) be the third derivative of -n**6/120 + n**5/20 + n**4/8 + n**3/3 - 16*n**2. Give t(4).
-2
Let d(n) = n**2 - 2*n + 3. Let u be d(3). Let a = -6 + u. Let w(o) = -o + 2. What is w(a)?
2
Let w(j) = 0*j + j - 4*j + 4*j. Calculate w(-2).
-2
Suppose w = -2*m - 2*w - 8, 5*m = -5*w - 20. Let a = 4 + m. Suppose 2*u - 4*l = 10, -2*u + a*l - 2*l - 2 = 0. Let c(j) = 2*j**3 + j**2 - j + 1. Give c(u).
3
Let u(w) = w**2 - 5*w + 6. Let f be ((-21)/6 + 3)*4. Let q = -4 - f. Let d be q*(-1)/(-2)*-5. Determine u(d).
6
Let f(j) be the third derivative of -3*j**6/20 - j**5/30 + j**4/24 - 43*j**2 - 2*j. Give f(1).
-19
Let q(w) = w**3 - 5*w**2 - w + 6. Let y be q(5). Let g(u) = -20*u + 17. Let s(a) = -7*a + 6. Let r(n) = -6*g(n) + 17*s(n). What is r(y)?
1
Let c(j) = -j. Let n(z) = z**3 - z**2 + z + 3. Let b be n(0). Suppose -4*f = -0*f - 16. Suppose -f = b*a - a. Calculate c(a).
2
Let i(l) = 5*l + 1. Let t = 6 + -5. What is i(t)?
6
Let b(j) = 4*j - 4. Let p be b(2). Let n(w) = w - 7*w + 5*w + p*w. Determine n(-2).
-6
Let f be (-25)/4 - 1/(-4). Let g = f - -13. Let y(u) = u - 2. Let k be y(g). Let m(l) = -l**2 + 5*l - 7. What is m(k)?
-7
Suppose -33 = -2*n + 5*l - 11, -15 = -3*n + 3*l. Let z(g) = 26*g**2 + 10*g - 16. Let s(f) = 5*f**2 + 2*f - 3. Let h(t) = -11*s(t) + 2*z(t). What is h(n)?
-4
Let i(s) = -4*s - 1. Suppose 16 = -v + 9*v. What is i(v)?
-9
Let q(h) = -2*h**3 + 2*h**2 - 2*h + 3. Suppose 8*z = 3*z. Let p = 2 + z. What is q(p)?
-9
Let i(j) = -8. Let v(h) = -h - 9. Let t(o) = 5*i(o) - 4*v(o). Calculate t(5).
16
Let h(x) be the first derivative of 1/4*x**4 - 4 - 4/3*x**3 + 0*x**2 - x. Determine h(4).
-1
Let f(i) be the first derivative of -3*i - 3*i**2 - 1 - 1/3*i**3. Suppose 0 = -7*j + 207 - 249. Determine f(j).
-3
Let v be 8 - 1/((-1)/2). Let x be (-1)/4*-2*v. Let u(b) be the first derivative of b**3/3 - b**2 - 4*b - 54. Calculate u(x).
11
Suppose -2*v = c - 11, 3*v - 2*c = v + 8. Let t(b) = -17*b - 5. Let l(i) = -6*i - 2. Let z(y) = 11*l(y) - 4*t(y). Determine z(v).
8
Let y(n) = n - 4. Let c = -8 - -11. Let x be (0 + c)/(-1 - -2). Determine y(x).
-1
Let t(x) = 4*x - 4. Suppose 11*i - 2*i = 27. What is t(i)?
8
Let l = 6 + -3. Suppose -3*j + 10 = j + 5*h, -j - l = 4*h. Let x(y) = -y**2 + 3*y + 7. Give x(j).
-3
Let c(l) be the first derivative of l**3/3 - 6*l - 3. Suppose 3*k = -2*w - w, 5*k = 0. Determine c(w).
-6
Let f(k) be the third derivative of 0*k + 1/30*k**5 + 1/24*k**4 + 1/120*k**6 + 3*k**2 + 0 + 0*k**3. Determine f(-2).
-2
Let o be ((-100)/(-5))/((-4)/(-2)). Suppose -3*c + 2*c = 4*s - o, -4*c - 2 = 2*s. Let w(a) = 0*a - 1 - 1 + s - a. Determine w(-5).
6
Let c(j) = j**2 + 6*j - 1. Let p be c(-7). Let y(k) = -3*k + 7. Calculate y(p).
-11
Let t(x) = -6*x**3 + 9*x**2 - 36*x + 16. Let v(z) = -z**3 + 2*z**2 - 7*z + 3. Let o(j) = 2*t(j) - 11*v(j). Determine o(-5).
-1
Let s be (-14)/(-18) - (-6)/27. Let y = 2 - s. Let v(q) = 7*q + 1. Determine v(y).
8
Let o be (-3 - (-2 + 2))*-1. Suppose -5*x = 3*v - 1 + 7, -3*x = o*v + 6. Let q(k) be the second derivative of k**5/20 + k**4/12 + 2*k**2 + 17*k. What is q(x)?
4
Suppose -5*y + 12 = -2*y + 3*g, -g - 20 = -5*y. Let f(m) = -6*m + 6 + 3*m**2 + 3*m**2 - m**2 - y*m**2. Suppose -6*b = -5*b - 5. Determine f(b).
1
Suppose -19 = 5*c + 6. Let q(u) = -2*u**2 + u + 3*u**2 + 3 + 5*u. What is q(c)?
-2
Let k be 1/(-2) + (-3)/(-6). Let h(i) = -2*i**2 - 4*i + 6. Let g(l) = -3*l**2 - 7*l + 12. Let m(j) = -3*g(j) + 5*h(j). Give m(k).
-6
Let r(n) be the third derivative of -n**6/360 + n**5/24 + n**4/12 + n**3/6 + n**2. Let j(q) be the first derivative of r(q). Suppose -10 = -v - v. Give j(v).
2
Let d(r) = -r**3 + 5*r**2 - 1. Let t = 39 + -36. Determine d(t).
17
Let h = -168 - -170. Let t(x) be the first derivative of 3*x**2 + 1/4*x**4 + h*x + 2*x**3 - 1. Calculate t(-4).
10
Suppose 0 = 5*m, -m = -3*y + 4*m - 3. Let h(s) = 4 + 2 - 4*s - 5. Calculate h(y).
5
Let z(j) = -j. Let f(y) = -y**3 - 4*y**2 - 2*y + 4. Let t be f(-3). What is z(t)?
-1
Let f = 0 - -2. Let k(c) = -4*c + 3*c - f - 1. What is k(3)?
-6
Let i(p) = -p**2 + 5*p + 7. Suppose -2*f - 4 = -f, -4*b = 3*f + 24. Let c be (b - -2)/(1/(-3)). Suppose l = c + 2. Determine i(l).
7
Let r(w) be the first derivative of w**3/3 + 2*w**2 + 5*w - 25. Let p = -6 + 1. What is r(p)?
10
Let o(a) = -a**2 - 4*a + 3. Let i be (7/21)/(2/(-30)). Calculate o(i).
-2
Let y(t) = -119*t + 4*t**2 + 119*t - 3*t**2 - 1. Give y(-2).
3
Let k(m) be the first derivative of -m**2/2 + 6*m + 1. Calculate k(6).
0
Let p(l) be the third derivative of -7*l**5/60 + l**3/6 + l**2. Give p(-1).
-6
Suppose 9 - 30 = 3*a. Let l(x) = x**2 + 6*x - 4. What is l(a)?
3
Let h(v) = -v**3 + 7*v**2 - 5*v - 3. Let q(b) = b**2 - b + 6. Let l be q(0). What is h(l)?
3
Let z(c) = 2*c - 1. Let r(n) = -n - 5. Let t be r(-7). Suppose -3*s + t = 5. Give z(s).
-3
Let a(x) = 8*x - 4. Let l(u) = u - 1. Let y(h) = a(h) - 3*l(h). Calculate y(2).
9
Let n(t) be the third derivative of -t**5/120 - t**4/12 - 3*t**3/2 + t**2. Let g(j) be the first derivative of n(j). Calculate g(-5).
3
Let j(t) = t**3 - 8*t**2 - 8*t - 8. Let d be j(9). Let c(h) = 3*h**3 - h**2 + h - 1. Calculate c(d).
2
Suppose 0 = 2*w - 29 + 7. Let o(t) = 5*t**3 - 4*t**2 + 2*t. Let q(g) = 14*g**3 - 12*g**2 + 5*g + 1. Let n(z) = w*o(z) - 4*q(z). Determine n(4).
4
Let m(t) = 5*t**2 - t. Let l(g) = 6*g**2. Let z(d) = -3*l(d) + 2*m(d). Determine z(-2).
-28
Let f(c) be the second derivative of -c**5/10 + c**4/4 - c**3/3 - c**2/2 - 5*c. Calculate f(2).
-9
Let q(k) = -k**2 + 1. Let a(w) = 2*w**2 - w + 1. Let p(v) = a(v) + 3*q(v). Calculate p(-4).
-8
Let n(k) = 7*k**2 + 2*k + 1. Let w(b) = 2*b - 7. Let u be w(6). Suppose 3 + 5 = 2*v. Suppose 3*l = o - 5, 0*o + v*o - 13 = u*l. Determine n(l).
6
Let o(a) = 2*a**2 + 2*a - 1. Let h(k) = -k**2 + k. Let q(t) = -h